{"id":5123,"date":"2020-12-01T19:03:02","date_gmt":"2020-12-01T18:03:02","guid":{"rendered":"https:\/\/grg21oe.at\/?page_id=5123"},"modified":"2025-10-08T17:49:52","modified_gmt":"2025-10-08T16:49:52","slug":"geschichte-2","status":"publish","type":"page","link":"https:\/\/grg21oe.at\/?page_id=5123","title":{"rendered":"Geschichte und politische Bildung (GPB)"},"content":{"rendered":"<style type=\"text\/css\"> \n#cmsms_row_69f168f8eee4c .cmsms_row_outer_parent { \n\tpadding-top: 40px; \n} \n\n#cmsms_row_69f168f8eee4c .cmsms_row_outer_parent { \n\tpadding-bottom: 50px; \n} \n\n<\/style><div id=\"cmsms_row_69f168f8eee4c\" class=\"cmsms_row cmsms_color_scheme_default\">\n<div class=\"cmsms_row_outer_parent\">\n<div class=\"cmsms_row_outer\">\n<div class=\"cmsms_row_inner\">\n<div class=\"cmsms_row_margin\">\n<div class=\"cmsms_column one_first\">\n<div class=\"cmsms_text\">\n<div>\n<h1><strong>Geschichte und politische Bildung <\/strong><strong><br \/>\n<\/strong><\/h1>\n<div><strong>\u00a0<\/strong><\/div>\n<div>Ab der 6. Schulstufe steht das Unterrichtsfach \u201eGeschichte und politische Bildung&#8220; auf dem Lehrplan.<img fetchpriority=\"high\" decoding=\"async\" class=\"size-full wp-image-5125 alignright\" src=\"https:\/\/grg21oe.at\/wp-content\/uploads\/2020\/12\/wordcloud.png\" alt=\"\" width=\"450\" height=\"450\" srcset=\"https:\/\/grg21oe.at\/wp-content\/uploads\/2020\/12\/wordcloud.png 450w, https:\/\/grg21oe.at\/wp-content\/uploads\/2020\/12\/wordcloud-300x300.png 300w, https:\/\/grg21oe.at\/wp-content\/uploads\/2020\/12\/wordcloud-200x200.png 200w, https:\/\/grg21oe.at\/wp-content\/uploads\/2020\/12\/wordcloud-55x55.png 55w, https:\/\/grg21oe.at\/wp-content\/uploads\/2020\/12\/wordcloud-250x250.png 250w\" sizes=\"(max-width: 450px) 100vw, 450px\" \/><\/div>\n<div><\/div>\n<p>Das Fach soll historische Themen und Fragestellungen lebensnah vermitteln und ein umfassendes Geschichtsbewusstsein schaffen. Im Zentrum steht dabei nicht das Auswendiglernen von Jahreszahlen, sondern eine kritische Auseinandersetzung mit historischen Ereignissen. Diese sollen nicht als eigenst\u00e4ndig gesehen, sondern als stetiger Prozess und Entwicklung begriffen werden. St\u00e4ndige Bez\u00fcge zur Gegenwart herzustellen ist dabei unerl\u00e4sslich.<\/p>\n<\/div>\n<div><\/div>\n<div>In der politischen Bildung sollen die Sch\u00fcler*innen F\u00e4higkeiten erwerben, selbstbestimmtes politisches Denken zu entwickeln, um an politischen Prozessen eigenverantwortlich und aktiv teilzunehmen.<\/div>\n<ul>\n<li>Wir analysieren, interpretieren, reflektieren.<\/li>\n<li>Wir arbeiten mit Tabellen, Grafiken, Schaubildern, Karten, Filmen, Karikaturen, Wahlplakaten und Bildern.<\/li>\n<li>Wir recherchieren und bewerten historische Quellen.<\/li>\n<li>Wir diskutieren und bilden uns unsere eigene Meinung.<\/li>\n<li>Wir erarbeiten die Themen kreativ und mithilfe verschiedener Methoden.<\/li>\n<li>Wir machen Exkursionen und Ausfl\u00fcge.<\/li>\n<\/ul>\n<div>\n<div>Wir Menschen sind Teil unserer Geschichte und in \u201eGeschichte und politische Bildung&#8220; soll das Bewusstsein daf\u00fcr geschaffen werden, dass man selbst Geschichte mitgestaltet und somit eine gro\u00dfe Verantwortung tr\u00e4gt. <a id=\"LPlnk598287\" href=\"https:\/\/www.youtube.com\/watch?v=d9KcHGm1Qog\" target=\"_blank\" rel=\"noopener noreferrer\" data-auth=\"NotApplicable\"><\/a><\/div>\n<\/div>\n<div>Madsen &#8211; Du schreibst Geschichte <a href=\"https:\/\/www.youtube.com\/watch?v=d9KcHGm1Qog\" target=\"_blank\" rel=\"noopener noreferrer\" data-auth=\"NotApplicable\">https:\/\/www.youtube.com\/watch?v=d9KcHGm1Qog<\/a><\/div>\n<\/div>\n<\/div>\n<\/div>\n<\/div>\n<\/div>\n<\/div>\n<\/div>\n\n","protected":false},"excerpt":{"rendered":"","protected":false},"author":4,"featured_media":0,"parent":4027,"menu_order":0,"comment_status":"closed","ping_status":"closed","template":"","meta":{"footnotes":""},"class_list":["post-5123","page","type-page","status-publish","hentry"],"_links":{"self":[{"href":"https:\/\/grg21oe.at\/index.php?rest_route=\/wp\/v2\/pages\/5123","targetHints":{"allow":["GET"]}}],"collection":[{"href":"https:\/\/grg21oe.at\/index.php?rest_route=\/wp\/v2\/pages"}],"about":[{"href":"https:\/\/grg21oe.at\/index.php?rest_route=\/wp\/v2\/types\/page"}],"author":[{"embeddable":true,"href":"https:\/\/grg21oe.at\/index.php?rest_route=\/wp\/v2\/users\/4"}],"replies":[{"embeddable":true,"href":"https:\/\/grg21oe.at\/index.php?rest_route=%2Fwp%2Fv2%2Fcomments&post=5123"}],"version-history":[{"count":11,"href":"https:\/\/grg21oe.at\/index.php?rest_route=\/wp\/v2\/pages\/5123\/revisions"}],"predecessor-version":[{"id":11068,"href":"https:\/\/grg21oe.at\/index.php?rest_route=\/wp\/v2\/pages\/5123\/revisions\/11068"}],"up":[{"embeddable":true,"href":"https:\/\/grg21oe.at\/index.php?rest_route=\/wp\/v2\/pages\/4027"}],"wp:attachment":[{"href":"https:\/\/grg21oe.at\/index.php?rest_route=%2Fwp%2Fv2%2Fmedia&parent=5123"}],"curies":[{"name":"wp","href":"https:\/\/api.w.org\/{rel}","templated":true}]}}

<style type="text/css"> 
#cmsms_row_69f168f8eee4c .cmsms_row_outer_parent { 
	padding-top: 40px; 
} 

#cmsms_row_69f168f8eee4c .cmsms_row_outer_parent { 
	padding-bottom: 50px; 
} 

</style><div id="cmsms_row_69f168f8eee4c" class="cmsms_row cmsms_color_scheme_default">
<div class="cmsms_row_outer_parent">
<div class="cmsms_row_outer">
<div class="cmsms_row_inner">
<div class="cmsms_row_margin">
<div class="cmsms_column one_first">
<div class="cmsms_text">
<div>
<h1><strong>Geschichte und politische Bildung </strong><strong><br />
</strong></h1>
<div><strong> </strong></div>
<div>Ab der 6. Schulstufe steht das Unterrichtsfach „Geschichte und politische Bildung&#8220; auf dem Lehrplan.<img fetchpriority="high" decoding="async" class="size-full wp-image-5125 alignright" src="https://grg21oe.at/wp-content/uploads/2020/12/wordcloud.png" alt="" width="450" height="450" srcset="https://grg21oe.at/wp-content/uploads/2020/12/wordcloud.png 450w, https://grg21oe.at/wp-content/uploads/2020/12/wordcloud-300x300.png 300w, https://grg21oe.at/wp-content/uploads/2020/12/wordcloud-200x200.png 200w, https://grg21oe.at/wp-content/uploads/2020/12/wordcloud-55x55.png 55w, https://grg21oe.at/wp-content/uploads/2020/12/wordcloud-250x250.png 250w" sizes="(max-width: 450px) 100vw, 450px" /></div>
<div></div>
<p>Das Fach soll historische Themen und Fragestellungen lebensnah vermitteln und ein umfassendes Geschichtsbewusstsein schaffen. Im Zentrum steht dabei nicht das Auswendiglernen von Jahreszahlen, sondern eine kritische Auseinandersetzung mit historischen Ereignissen. Diese sollen nicht als eigenständig gesehen, sondern als stetiger Prozess und Entwicklung begriffen werden. Ständige Bezüge zur Gegenwart herzustellen ist dabei unerlässlich.</p>
</div>
<div></div>
<div>In der politischen Bildung sollen die Schüler*innen Fähigkeiten erwerben, selbstbestimmtes politisches Denken zu entwickeln, um an politischen Prozessen eigenverantwortlich und aktiv teilzunehmen.</div>
<ul>
<li>Wir analysieren, interpretieren, reflektieren.</li>
<li>Wir arbeiten mit Tabellen, Grafiken, Schaubildern, Karten, Filmen, Karikaturen, Wahlplakaten und Bildern.</li>
<li>Wir recherchieren und bewerten historische Quellen.</li>
<li>Wir diskutieren und bilden uns unsere eigene Meinung.</li>
<li>Wir erarbeiten die Themen kreativ und mithilfe verschiedener Methoden.</li>
<li>Wir machen Exkursionen und Ausflüge.</li>
</ul>
<div>
<div>Wir Menschen sind Teil unserer Geschichte und in „Geschichte und politische Bildung&#8220; soll das Bewusstsein dafür geschaffen werden, dass man selbst Geschichte mitgestaltet und somit eine große Verantwortung trägt. <a id="LPlnk598287" href="https://www.youtube.com/watch?v=d9KcHGm1Qog" target="_blank" rel="noopener noreferrer" data-auth="NotApplicable"></a></div>
</div>
<div>Madsen &#8211; Du schreibst Geschichte <a href="https://www.youtube.com/watch?v=d9KcHGm1Qog" target="_blank" rel="noopener noreferrer" data-auth="NotApplicable">https://www.youtube.com/watch?v=d9KcHGm1Qog</a></div>
</div>
</div>
</div>
</div>
</div>
</div>
</div>
