{"id":4660,"date":"2020-11-23T19:00:33","date_gmt":"2020-11-23T18:00:33","guid":{"rendered":"https:\/\/staging.grg21oe.at\/?page_id=4660"},"modified":"2025-10-08T17:49:04","modified_gmt":"2025-10-08T16:49:04","slug":"franzoesisch","status":"publish","type":"page","link":"https:\/\/grg21oe.at\/?page_id=4660","title":{"rendered":"Franz\u00f6sisch (F)"},"content":{"rendered":"<style type=\"text\/css\"> \n#cmsms_row_69f168f2aa290 .cmsms_row_outer_parent { \n\tpadding-top: 40px; \n} \n\n#cmsms_row_69f168f2aa290 .cmsms_row_outer_parent { \n\tpadding-bottom: 50px; \n} \n\n<\/style><div id=\"cmsms_row_69f168f2aa290\" class=\"cmsms_row cmsms_color_scheme_default\">\n<div class=\"cmsms_row_outer_parent\">\n<div class=\"cmsms_row_outer\">\n<div class=\"cmsms_row_inner\">\n<div class=\"cmsms_row_margin\">\n<div class=\"cmsms_column one_first\">\n<div class=\"cmsms_text\">\n<h1><span style=\"color: #a67edd;\">Franz\u00f6sisch<\/span><\/h1>\n<h4>Warum Franz\u00f6sisch lernen?<\/h4>\n<p><img fetchpriority=\"high\" decoding=\"async\" class=\"wp-image-4730 alignleft\" src=\"https:\/\/grg21oe.at\/wp-content\/uploads\/2020\/11\/frankreich-e1606244126169.jpg\" alt=\"\" width=\"370\" height=\"247\" \/><\/p>\n<ul>\n<li>weil Franz\u00f6sisch nach Deutsch die am meisten gesprochene Sprache innerhalb Europas ist.<\/li>\n<li>weil Franz\u00f6sisch, au\u00dfer in Frankreich, noch in vielen anderen europ\u00e4ischen, afrikanischen, amerikanischen sowie asiatischen L\u00e4ndern gesprochen wird und somit den Zugang zu interessanten Weltkulturen \u00f6ffnet.<\/li>\n<li>weil Franz\u00f6sisch eine wichtige Sprache in Diplomatie und Politik ist: Neben Englisch ist Franz\u00f6sisch die offizielle Arbeitssprache in der EU und in vielen internationalen Organisationen wie z. B. der UNO, der UNESCO, den Olympischen Spielen \u2026<\/li>\n<li>weil Franz\u00f6sisch die Berufschancen verbessert. Nach Englisch genie\u00dft Franz\u00f6sisch nahezu ranggleich mit Spanisch die h\u00f6chste Nachfrage in der Arbeitswelt. Auch in den Wissenschaften ist Franz\u00f6sisch nach Englisch die am meisten nachgefragte Sprache.<\/li>\n<li>weil Franz\u00f6sisch eine Br\u00fccke zu weiteren romanischen Sprachen (Italienisch, Spanisch \u2026) darstellt.<\/li>\n<\/ul>\n<h4>Wann und wie k\u00f6nnt ihr Franz\u00f6sisch lernen?<\/h4>\n<ol>\n<li>In der 1. und 2. Klasse bieten wir die Unverbindliche \u00dcbung Franz\u00f6sisch Club an. Wer bereits im Kindergarten oder in der Volksschule Grundlagen dieser Sprache erworben hat, kann etwaige Vorkenntnisse erweitern und vertiefen.<\/li>\n<li>Am GRG 21 wird Franz\u00f6sisch als zweite lebende Fremdsprache ab der 3. Klasse (Langform) angeboten. Angestrebt wird das Niveau B1\/B2 f\u00fcr die 8. Klasse (Maturaniveau).<\/li>\n<li>Von der 5. bis zur 8. Klasse (Kurzform) wird Franz\u00f6sisch als w\u00e4hlbare Fremdsprache angeboten und ist somit auch schriftliches und m\u00fcndliches Maturafach (Niveau B1).<\/li>\n<li>Ab der 6. Klasse werden Wahlkurse angeboten. Ihr k\u00f6nnt euch beispielsweise im DELF-Kurs auf das international anerkannte Sprachenzertifikat vorbereiten oder im Medienkurs Comics umschreiben, Radiosendungen gestalten, Videos kreativ untertiteln und viel mehr.<\/li>\n<li>Wir bieten vielf\u00e4ltige Aktivit\u00e4ten an: Sprachreisen, Sprachintensivtage, Kinobesuche, Wettbewerbe, Kooperation mit anderen Schulen \u2026<\/li>\n<\/ol>\n<p><strong>Wir freuen uns auf euch! Vive le fran\u00e7ais!<\/strong><\/p>\n<\/div>\n<\/div>\n<\/div>\n<\/div>\n<\/div>\n<\/div>\n<\/div>\n\n","protected":false},"excerpt":{"rendered":"","protected":false},"author":4,"featured_media":0,"parent":4027,"menu_order":0,"comment_status":"closed","ping_status":"closed","template":"","meta":{"footnotes":""},"class_list":["post-4660","page","type-page","status-publish","hentry"],"_links":{"self":[{"href":"https:\/\/grg21oe.at\/index.php?rest_route=\/wp\/v2\/pages\/4660","targetHints":{"allow":["GET"]}}],"collection":[{"href":"https:\/\/grg21oe.at\/index.php?rest_route=\/wp\/v2\/pages"}],"about":[{"href":"https:\/\/grg21oe.at\/index.php?rest_route=\/wp\/v2\/types\/page"}],"author":[{"embeddable":true,"href":"https:\/\/grg21oe.at\/index.php?rest_route=\/wp\/v2\/users\/4"}],"replies":[{"embeddable":true,"href":"https:\/\/grg21oe.at\/index.php?rest_route=%2Fwp%2Fv2%2Fcomments&post=4660"}],"version-history":[{"count":10,"href":"https:\/\/grg21oe.at\/index.php?rest_route=\/wp\/v2\/pages\/4660\/revisions"}],"predecessor-version":[{"id":11065,"href":"https:\/\/grg21oe.at\/index.php?rest_route=\/wp\/v2\/pages\/4660\/revisions\/11065"}],"up":[{"embeddable":true,"href":"https:\/\/grg21oe.at\/index.php?rest_route=\/wp\/v2\/pages\/4027"}],"wp:attachment":[{"href":"https:\/\/grg21oe.at\/index.php?rest_route=%2Fwp%2Fv2%2Fmedia&parent=4660"}],"curies":[{"name":"wp","href":"https:\/\/api.w.org\/{rel}","templated":true}]}}

Französisch (F)

<style type="text/css"> 
#cmsms_row_69f168f2aa290 .cmsms_row_outer_parent { 
	padding-top: 40px; 
} 

#cmsms_row_69f168f2aa290 .cmsms_row_outer_parent { 
	padding-bottom: 50px; 
} 

</style><div id="cmsms_row_69f168f2aa290" class="cmsms_row cmsms_color_scheme_default">
<div class="cmsms_row_outer_parent">
<div class="cmsms_row_outer">
<div class="cmsms_row_inner">
<div class="cmsms_row_margin">
<div class="cmsms_column one_first">
<div class="cmsms_text">
<h1><span style="color: #a67edd;">Französisch</span></h1>
<h4>Warum Französisch lernen?</h4>
<p><img fetchpriority="high" decoding="async" class="wp-image-4730 alignleft" src="https://grg21oe.at/wp-content/uploads/2020/11/frankreich-e1606244126169.jpg" alt="" width="370" height="247" /></p>
<ul>
<li>weil Französisch nach Deutsch die am meisten gesprochene Sprache innerhalb Europas ist.</li>
<li>weil Französisch, außer in Frankreich, noch in vielen anderen europäischen, afrikanischen, amerikanischen sowie asiatischen Ländern gesprochen wird und somit den Zugang zu interessanten Weltkulturen öffnet.</li>
<li>weil Französisch eine wichtige Sprache in Diplomatie und Politik ist: Neben Englisch ist Französisch die offizielle Arbeitssprache in der EU und in vielen internationalen Organisationen wie z. B. der UNO, der UNESCO, den Olympischen Spielen …</li>
<li>weil Französisch die Berufschancen verbessert. Nach Englisch genießt Französisch nahezu ranggleich mit Spanisch die höchste Nachfrage in der Arbeitswelt. Auch in den Wissenschaften ist Französisch nach Englisch die am meisten nachgefragte Sprache.</li>
<li>weil Französisch eine Brücke zu weiteren romanischen Sprachen (Italienisch, Spanisch …) darstellt.</li>
</ul>
<h4>Wann und wie könnt ihr Französisch lernen?</h4>
<ol>
<li>In der 1. und 2. Klasse bieten wir die Unverbindliche Übung Französisch Club an. Wer bereits im Kindergarten oder in der Volksschule Grundlagen dieser Sprache erworben hat, kann etwaige Vorkenntnisse erweitern und vertiefen.</li>
<li>Am GRG 21 wird Französisch als zweite lebende Fremdsprache ab der 3. Klasse (Langform) angeboten. Angestrebt wird das Niveau B1/B2 für die 8. Klasse (Maturaniveau).</li>
<li>Von der 5. bis zur 8. Klasse (Kurzform) wird Französisch als wählbare Fremdsprache angeboten und ist somit auch schriftliches und mündliches Maturafach (Niveau B1).</li>
<li>Ab der 6. Klasse werden Wahlkurse angeboten. Ihr könnt euch beispielsweise im DELF-Kurs auf das international anerkannte Sprachenzertifikat vorbereiten oder im Medienkurs Comics umschreiben, Radiosendungen gestalten, Videos kreativ untertiteln und viel mehr.</li>
<li>Wir bieten vielfältige Aktivitäten an: Sprachreisen, Sprachintensivtage, Kinobesuche, Wettbewerbe, Kooperation mit anderen Schulen …</li>
</ol>
<p><strong>Wir freuen uns auf euch! Vive le français!</strong></p>
</div>
</div>
</div>
</div>
</div>
</div>
</div>
