{"id":3996,"date":"2020-06-17T09:32:51","date_gmt":"2020-06-17T08:32:51","guid":{"rendered":"http:\/\/grg21oe.at\/?page_id=3996"},"modified":"2025-10-20T07:04:33","modified_gmt":"2025-10-20T06:04:33","slug":"verhaltensvereinbarung","status":"publish","type":"page","link":"https:\/\/grg21oe.at\/?page_id=3996","title":{"rendered":"Verhaltensvereinbarung"},"content":{"rendered":"<style type=\"text\/css\"> \n#cmsms_row_69f418945fa40 .cmsms_row_outer_parent { \n\tpadding-top: 40px; \n} \n\n#cmsms_row_69f418945fa40 .cmsms_row_outer_parent { \n\tpadding-bottom: 50px; \n} \n\n<\/style><div id=\"cmsms_row_69f418945fa40\" class=\"cmsms_row cmsms_color_scheme_default\">\n<div class=\"cmsms_row_outer_parent\">\n<div class=\"cmsms_row_outer\">\n<div class=\"cmsms_row_inner\">\n<div class=\"cmsms_row_margin\">\n<div class=\"cmsms_column one_first\">\n<div class=\"cmsms_text\">\n<h1><span style=\"color: #800080;\">VERHALTENSVEREINBARUNG<\/span><\/h1>\n<p>Wir sind eine Schule, die gro\u00dfen Wert darauf legt, einander mit Wertsch\u00e4tzung und\u00a0 Respekt zu begegnen, und sehen Vielfalt und Meinungsaustausch als Bereicherung unseres Schullebens an. Deshalb ist es uns wichtig, an unserer Schule Strukturen zu schaffen, die soziale Verantwortung, Gemeinschaftsgef\u00fchl, Offenheit und gegenseitigen Respekt gew\u00e4hrleisten. Dar\u00fcber hinaus ist es uns genauso wichtig, daf\u00fcr zu sorgen, dass unsere Schule sauber bleibt und Einrichtungs- und Unterrichtsgegenst\u00e4nde mit Sorgfalt behandelt werden.<\/p>\n<h3><span style=\"color: #800080;\">Regelungen<br \/>\n<\/span><\/h3>\n<p>Entscheidungen treffen wir partnerschaftlich und setzen sie gemeinsam um.\u00a0 Im Schulgemeinschaftsausschuss sind daher folgende Regelungen beschlossen worden:<\/p>\n<ul>\n<li style=\"list-style-type: none;\">\n<ul>\n<li><strong>Hausordnung<\/strong><\/li>\n<li><strong>Richtlinien zur Anwesenheit von Sch\u00fcler*innen<\/strong><\/li>\n<li><strong>M\u00fclltrennung und Abfallregelung<\/strong><\/li>\n<li><strong>Regelung zum Umgang mit dem Handy in der Unterstufe <\/strong><\/li>\n<\/ul>\n<\/li>\n<\/ul>\n<p>Alle Regelungen sind im Servicebereich downloadbar.<\/p>\n<h3><\/h3>\n<h3><span style=\"color: #800080;\"><br \/>\nUnterricht<\/span><\/h3>\n<p>Besondere Unterrichtsangebote wie die autonome \u00dcbung \u201eF\u00f6rderung der sozialen Kompetenzen\u201c (FSK), von der 1. bis zur 5. Klasse sind speziell daf\u00fcr entwickelt worden, die Klassengemeinschaft zu st\u00e4rken, Pers\u00f6nlichkeitsbildung zu leisten und die soziale Verantwortung zu entwickeln.<\/p>\n<h3><span style=\"color: #800080;\">Helfer<\/span><\/h3>\n<p>Ein weitreichendes Helfernetz und Unterst\u00fctzungsangebote sollen dazu beitragen, dass Hilfe dort geleistet werden kann, wo sie gebraucht wird.<\/p>\n<p>&nbsp;<\/p>\n<p>&nbsp;<\/p>\n<h5><span style=\"color: #800080;\"><strong>Werden die Verhaltensvereinbarungen missachtet, werden entsprechende Konsequenzen gesetzt:<\/strong><\/span><\/h5>\n<p><a href=\"https:\/\/grg21oe.at\/wp-content\/uploads\/2020\/08\/verhalten_konsequenzen.png\"><img fetchpriority=\"high\" decoding=\"async\" class=\"alignnone size-large wp-image-4279\" src=\"https:\/\/grg21oe.at\/wp-content\/uploads\/2020\/08\/verhalten_konsequenzen-1024x512.png\" alt=\"\" width=\"1024\" height=\"512\" srcset=\"https:\/\/grg21oe.at\/wp-content\/uploads\/2020\/08\/verhalten_konsequenzen-1024x512.png 1024w, https:\/\/grg21oe.at\/wp-content\/uploads\/2020\/08\/verhalten_konsequenzen-300x150.png 300w, https:\/\/grg21oe.at\/wp-content\/uploads\/2020\/08\/verhalten_konsequenzen-768x384.png 768w, https:\/\/grg21oe.at\/wp-content\/uploads\/2020\/08\/verhalten_konsequenzen-580x290.png 580w, https:\/\/grg21oe.at\/wp-content\/uploads\/2020\/08\/verhalten_konsequenzen-820x410.png 820w, https:\/\/grg21oe.at\/wp-content\/uploads\/2020\/08\/verhalten_konsequenzen-1160x580.png 1160w, https:\/\/grg21oe.at\/wp-content\/uploads\/2020\/08\/verhalten_konsequenzen.png 1229w\" sizes=\"(max-width: 1024px) 100vw, 1024px\" \/><\/a><\/p>\n<p>Je nach Schwere des Fehlverhaltens k\u00f6nnen Stufen auch \u00fcbersprungen werden.<br \/>\nBei Gefahr im Verzug wird von Seiten der Schulbeh\u00f6rde eine Suspendierung ausgesprochen.<\/p>\n<p><strong>\u00a0<\/strong><\/p>\n<\/div>\n<\/div>\n<\/div>\n<\/div>\n<\/div>\n<\/div>\n<\/div>\n\n","protected":false},"excerpt":{"rendered":"","protected":false},"author":4,"featured_media":0,"parent":0,"menu_order":0,"comment_status":"closed","ping_status":"closed","template":"","meta":{"footnotes":""},"class_list":["post-3996","page","type-page","status-publish","hentry"],"_links":{"self":[{"href":"https:\/\/grg21oe.at\/index.php?rest_route=\/wp\/v2\/pages\/3996","targetHints":{"allow":["GET"]}}],"collection":[{"href":"https:\/\/grg21oe.at\/index.php?rest_route=\/wp\/v2\/pages"}],"about":[{"href":"https:\/\/grg21oe.at\/index.php?rest_route=\/wp\/v2\/types\/page"}],"author":[{"embeddable":true,"href":"https:\/\/grg21oe.at\/index.php?rest_route=\/wp\/v2\/users\/4"}],"replies":[{"embeddable":true,"href":"https:\/\/grg21oe.at\/index.php?rest_route=%2Fwp%2Fv2%2Fcomments&post=3996"}],"version-history":[{"count":16,"href":"https:\/\/grg21oe.at\/index.php?rest_route=\/wp\/v2\/pages\/3996\/revisions"}],"predecessor-version":[{"id":11144,"href":"https:\/\/grg21oe.at\/index.php?rest_route=\/wp\/v2\/pages\/3996\/revisions\/11144"}],"wp:attachment":[{"href":"https:\/\/grg21oe.at\/index.php?rest_route=%2Fwp%2Fv2%2Fmedia&parent=3996"}],"curies":[{"name":"wp","href":"https:\/\/api.w.org\/{rel}","templated":true}]}}