{"id":3765,"date":"2020-04-23T14:59:58","date_gmt":"2020-04-23T13:59:58","guid":{"rendered":"http:\/\/grg21oe.at\/?page_id=3765"},"modified":"2025-10-08T14:48:23","modified_gmt":"2025-10-08T13:48:23","slug":"infrastruktur-2","status":"publish","type":"page","link":"https:\/\/grg21oe.at\/?page_id=3765","title":{"rendered":"Infrastruktur"},"content":{"rendered":"<style type=\"text\/css\"> \n#cmsms_row_69f3f2405afbb .cmsms_row_outer_parent { \n\tpadding-top: 40px; \n} \n\n#cmsms_row_69f3f2405afbb .cmsms_row_outer_parent { \n\tpadding-bottom: 20px; \n} \n\n \n#cmsms_row_69f3f2405b243 .cmsms_row_outer_parent { \n\tpadding-top: 0px; \n} \n\n#cmsms_row_69f3f2405b243 .cmsms_row_outer_parent { \n\tpadding-bottom: 50px; \n} \n\n<\/style><div id=\"cmsms_row_69f3f2405afbb\" class=\"cmsms_row cmsms_color_scheme_default\">\n<div class=\"cmsms_row_outer_parent\">\n<div class=\"cmsms_row_outer\">\n<div class=\"cmsms_row_inner\">\n<div class=\"cmsms_row_margin\">\n<div class=\"cmsms_column one_first\">\n<div class=\"cmsms_text\">\n<h1><\/h1>\n<h1><span style=\"color: #3366ff;\">INFRASTRUKTUR<\/span><\/h1>\n<p><a href=\"https:\/\/grg21oe.at\/wp-content\/uploads\/2020\/01\/bild3.jpg\"><img fetchpriority=\"high\" decoding=\"async\" class=\"size-full wp-image-3493 alignright\" src=\"https:\/\/grg21oe.at\/wp-content\/uploads\/2020\/01\/bild3.jpg\" alt=\"\" width=\"400\" height=\"533\" srcset=\"https:\/\/grg21oe.at\/wp-content\/uploads\/2020\/01\/bild3.jpg 400w, https:\/\/grg21oe.at\/wp-content\/uploads\/2020\/01\/bild3-225x300.jpg 225w\" sizes=\"(max-width: 400px) 100vw, 400px\" \/><\/a>Die \u00d6denburger Stra\u00dfe z\u00e4hlt zu den <span style=\"color: #3366ff;\">gr\u00f6\u00dften Allgemeinbildenden H\u00f6heren Schulen in \u00d6sterreich<\/span>. Sie beherbergt mehr als 1000 Sch\u00fcler*innen und \u00fcber 120 Lehrer*innen. Dementsprechend gro\u00dfz\u00fcgig ist das Schulhaus gestaltet und bietet<span style=\"color: #3366ff;\"> viel Platz auf den G\u00e4ngen und in der Pausenhalle<\/span>. Als Schule am Stadtrand erstrecken sich auch die <span style=\"color: #3366ff;\">Au\u00dfenanlagen<\/span> \u00fcber eine gro\u00dfe Fl\u00e4che und bieten entsprechende Sportm\u00f6glichkeiten im Freien: Zwei Sportpl\u00e4tze und ein Beachvolleyplatz, Hochsprunganlage, Sprunggrube und Laufbahn werden f\u00fcr den Unterricht im Fach \u201eBewegung und Sport\u201c bei Sch\u00f6nwetter sehr gerne gen\u00fctzt. Wiesen, naturbelassene Hecken und B\u00e4ume bringen die Natur geradewegs in die Schule hinein und wenn ein Aufenthalt drau\u00dfen nicht m\u00f6glich ist, so l\u00e4dt der Ausblick aus den meisten Klassenzimmern <span style=\"color: #3366ff;\">direkt ins Gr\u00fcne<\/span> dazu ein.<\/p>\n<p>Im Jahr 2017 haben Sch\u00fcler*innen begonnen, auch den Innenhof des Schulgeb\u00e4udes in ein <span style=\"color: #3366ff;\">\u201egr\u00fcnes\u201c Klassenzimmer<\/span> umzugestalten und gemeinsam mit Lehrer*innen einen Bereich zu schaffen, der forschendes Lernen unter \u201efreiem Himmel\u201c erm\u00f6glicht, denn acht gro\u00dfe Hochbeete laden zur Bepflanzung und Ernte verschiedener Kr\u00e4uter und Gem\u00fcsesorten ein. Gleichzeitig hat sich der Innenhof zu einem weiteren Kommunikationsbereich entwickelt, der Innen- und Au\u00dfenraum architektonisch miteinander verbindet. An warmen Tagen bietet ein bepflanztes Gr\u00fcnsegel Schutz vor der Sonne, an kalten Tagen lenkt der Brunnen in der Pausenhalle den Blick durch die Fensterwand auf die Begr\u00fcnung drau\u00dfen.<\/p>\n<p>Im Jahr 2008 wurden die R\u00e4umlichkeiten umgebaut und <span style=\"color: #3366ff;\">mehrere Sonderunterrichtsr\u00e4ume<\/span> ausgestaltet. Derzeit verf\u00fcgt die Schule im 2.\u00a0Stock \u00fcber<strong> zwei Biologie-R\u00e4ume<\/strong>, in denen lebende Schultiere wie z.B. Stabheuschrecken und Achatschnecken etc. liebevoll umsorgt und gepflegt werden. Der Naturwissenschaftsbereich umfasst zus\u00e4tzlich <strong>einen Chemiesaal, zwei Physiks\u00e4le, einen allgemeinen Naturwissenschaftsraum, <\/strong>der auch als EDV-Raum genutzt werden kann, sowie <strong>zwei spezifische EDV-S\u00e4le<\/strong>. Im 1. Stock sind Kunst-, Werk-und Sprachbereich sowie <strong>zwei Musiks\u00e4len, drei Zeichens\u00e4len, zwei S\u00e4len f\u00fcr Technisches Werken, zwei S\u00e4len f\u00fcr Textiles Werken und das mulitimediale Sprachenzentrum mit 30 Computer-Arbeitspl\u00e4tzen angesiedelt<\/strong>, das als besonderes Ausstattungsmerkmal der Schule gilt.<\/p>\n<p>Im Erdgeschoss liegen der Direktionstrakt, der Trakt der <span style=\"color: #3366ff;\">Nachmittagsbetreuung<\/span> und die reich ausgestattete<span style=\"color: #3366ff;\"> Schulbibliothek<\/span>. Sie beinhaltet eine breite Palette aktueller B\u00fccher, Zeitschriften und DVDs. Sie koordiniert alle schulischen Ma\u00dfnahmen zur Lesef\u00f6rderung und unterst\u00fctzt den Erwerb von Medien- und Informationskompetenz. Somit bildet sie einen wichtigen schulischen und kulturellen Treffpunkt, der lebenslanges, eigenverantwortliches Lernen initiiert und f\u00f6rdert.<\/p>\n<p>Unsere Sch\u00fcler*innen haben auch die M\u00f6glichkeit, im <strong>Schulbuffet<\/strong> nicht nur Snacks und Getr\u00e4nke zu erstehen, sondern k\u00f6nnen im angeschlossenen <span style=\"color: #3366ff;\">Speisesaal<\/span> auch ein warmes Mittagsmahl zu sich nehmen.<\/p>\n<p>Im Untergeschoss des Geb\u00e4udes befinden sich die <strong>Spindr\u00e4umlichkeiten<\/strong> und <strong>drei ganz neu ausgestattete gro\u00dfe Turns\u00e4le sowie einen Gymnastikraum. Zwei Metallr\u00e4ume, ein Fotolabor, ein Keramikraum mit Brenn\u00f6fen und T\u00f6pferscheiben sowie ein Raum f\u00fcr Bildhauerei<\/strong> vervollst\u00e4ndigen das Angebot an Sonderunterrichtsr\u00e4umen.<\/p>\n<p>Daneben verf\u00fcgt die Schule \u00fcber ein<strong> gro\u00dfes Netzwerk von PCs und zwei Laptopw\u00e4gen<\/strong>, die in den einzelnen Klassen zus\u00e4tzlich eingesetzt werden k\u00f6nnen. In den einzelnen Klassenr\u00e4umen geh\u00f6ren Beamer, DVD-Player und Lautsprecher zur <span style=\"color: #3366ff;\">Standardausstattung.<\/span><\/p>\n<\/div>\n<\/div>\n<\/div>\n<\/div>\n<\/div>\n<\/div>\n<\/div>\n<div id=\"cmsms_row_69f3f2405b243\" class=\"cmsms_row cmsms_color_scheme_default\">\n<div class=\"cmsms_row_outer_parent\">\n<div class=\"cmsms_row_outer\">\n<div class=\"cmsms_row_inner\">\n<div class=\"cmsms_row_margin\">\n<div class=\"cmsms_column one_first\">\n<div class=\"cmsms_gallery\">\n<ul>\n<li class=\"one_fourth\">\n<figure><a href=\"https:\/\/grg21oe.at\/wp-content\/uploads\/2020\/04\/Schule-2-von-33.jpg\" rel=\"ilightbox[69f3f2405b2d9]\"><img decoding=\"async\" width=\"300\" height=\"200\" src=\"https:\/\/grg21oe.at\/wp-content\/uploads\/2020\/04\/Schule-2-von-33-300x200.jpg\" class=\"attachment-medium size-medium\" alt=\"Eingangsbereich\" srcset=\"https:\/\/grg21oe.at\/wp-content\/uploads\/2020\/04\/Schule-2-von-33-300x200.jpg 300w, https:\/\/grg21oe.at\/wp-content\/uploads\/2020\/04\/Schule-2-von-33-768x512.jpg 768w, https:\/\/grg21oe.at\/wp-content\/uploads\/2020\/04\/Schule-2-von-33-580x387.jpg 580w, https:\/\/grg21oe.at\/wp-content\/uploads\/2020\/04\/Schule-2-von-33-820x547.jpg 820w, https:\/\/grg21oe.at\/wp-content\/uploads\/2020\/04\/Schule-2-von-33.jpg 1024w\" sizes=\"(max-width: 300px) 100vw, 300px\" \/><\/a><\/figure><\/li>\n<li class=\"one_fourth\">\n<figure><a href=\"https:\/\/grg21oe.at\/wp-content\/uploads\/2020\/04\/Schule-3-von-33.jpg\" rel=\"ilightbox[69f3f2405b2d9]\"><img decoding=\"async\" width=\"300\" height=\"200\" src=\"https:\/\/grg21oe.at\/wp-content\/uploads\/2020\/04\/Schule-3-von-33-300x200.jpg\" class=\"attachment-medium size-medium\" alt=\"\" srcset=\"https:\/\/grg21oe.at\/wp-content\/uploads\/2020\/04\/Schule-3-von-33-300x200.jpg 300w, https:\/\/grg21oe.at\/wp-content\/uploads\/2020\/04\/Schule-3-von-33-768x512.jpg 768w, https:\/\/grg21oe.at\/wp-content\/uploads\/2020\/04\/Schule-3-von-33-580x387.jpg 580w, https:\/\/grg21oe.at\/wp-content\/uploads\/2020\/04\/Schule-3-von-33-820x547.jpg 820w, https:\/\/grg21oe.at\/wp-content\/uploads\/2020\/04\/Schule-3-von-33.jpg 1024w\" sizes=\"(max-width: 300px) 100vw, 300px\" \/><\/a><\/figure><\/li>\n<li class=\"one_fourth\">\n<figure><a href=\"https:\/\/grg21oe.at\/wp-content\/uploads\/2020\/04\/Schule-4-von-33.jpg\" rel=\"ilightbox[69f3f2405b2d9]\"><img loading=\"lazy\" decoding=\"async\" width=\"300\" height=\"200\" src=\"https:\/\/grg21oe.at\/wp-content\/uploads\/2020\/04\/Schule-4-von-33-300x200.jpg\" class=\"attachment-medium size-medium\" alt=\"\" srcset=\"https:\/\/grg21oe.at\/wp-content\/uploads\/2020\/04\/Schule-4-von-33-300x200.jpg 300w, https:\/\/grg21oe.at\/wp-content\/uploads\/2020\/04\/Schule-4-von-33-768x512.jpg 768w, https:\/\/grg21oe.at\/wp-content\/uploads\/2020\/04\/Schule-4-von-33-580x387.jpg 580w, https:\/\/grg21oe.at\/wp-content\/uploads\/2020\/04\/Schule-4-von-33-820x547.jpg 820w, https:\/\/grg21oe.at\/wp-content\/uploads\/2020\/04\/Schule-4-von-33.jpg 1024w\" sizes=\"(max-width: 300px) 100vw, 300px\" \/><\/a><\/figure><\/li>\n<li class=\"one_fourth\">\n<figure><a href=\"https:\/\/grg21oe.at\/wp-content\/uploads\/2020\/04\/Schule-7-von-33.jpg\" rel=\"ilightbox[69f3f2405b2d9]\"><img loading=\"lazy\" decoding=\"async\" width=\"300\" height=\"200\" src=\"https:\/\/grg21oe.at\/wp-content\/uploads\/2020\/04\/Schule-7-von-33-300x200.jpg\" class=\"attachment-medium size-medium\" alt=\"\" srcset=\"https:\/\/grg21oe.at\/wp-content\/uploads\/2020\/04\/Schule-7-von-33-300x200.jpg 300w, https:\/\/grg21oe.at\/wp-content\/uploads\/2020\/04\/Schule-7-von-33-768x512.jpg 768w, https:\/\/grg21oe.at\/wp-content\/uploads\/2020\/04\/Schule-7-von-33-580x387.jpg 580w, https:\/\/grg21oe.at\/wp-content\/uploads\/2020\/04\/Schule-7-von-33-820x547.jpg 820w, https:\/\/grg21oe.at\/wp-content\/uploads\/2020\/04\/Schule-7-von-33.jpg 1024w\" sizes=\"(max-width: 300px) 100vw, 300px\" \/><\/a><\/figure><\/li>\n<li class=\"one_fourth\">\n<figure><a href=\"https:\/\/grg21oe.at\/wp-content\/uploads\/2020\/04\/Schule-8-von-33.jpg\" rel=\"ilightbox[69f3f2405b2d9]\"><img loading=\"lazy\" decoding=\"async\" width=\"300\" height=\"200\" src=\"https:\/\/grg21oe.at\/wp-content\/uploads\/2020\/04\/Schule-8-von-33-300x200.jpg\" class=\"attachment-medium size-medium\" alt=\"\" srcset=\"https:\/\/grg21oe.at\/wp-content\/uploads\/2020\/04\/Schule-8-von-33-300x200.jpg 300w, https:\/\/grg21oe.at\/wp-content\/uploads\/2020\/04\/Schule-8-von-33-768x512.jpg 768w, https:\/\/grg21oe.at\/wp-content\/uploads\/2020\/04\/Schule-8-von-33-580x387.jpg 580w, https:\/\/grg21oe.at\/wp-content\/uploads\/2020\/04\/Schule-8-von-33-820x547.jpg 820w, https:\/\/grg21oe.at\/wp-content\/uploads\/2020\/04\/Schule-8-von-33.jpg 1024w\" sizes=\"(max-width: 300px) 100vw, 300px\" \/><\/a><\/figure><\/li>\n<li class=\"one_fourth\">\n<figure><a href=\"https:\/\/grg21oe.at\/wp-content\/uploads\/2020\/04\/Schule-9-von-33.jpg\" rel=\"ilightbox[69f3f2405b2d9]\"><img loading=\"lazy\" decoding=\"async\" width=\"300\" height=\"200\" src=\"https:\/\/grg21oe.at\/wp-content\/uploads\/2020\/04\/Schule-9-von-33-300x200.jpg\" class=\"attachment-medium size-medium\" alt=\"\" srcset=\"https:\/\/grg21oe.at\/wp-content\/uploads\/2020\/04\/Schule-9-von-33-300x200.jpg 300w, https:\/\/grg21oe.at\/wp-content\/uploads\/2020\/04\/Schule-9-von-33-768x512.jpg 768w, https:\/\/grg21oe.at\/wp-content\/uploads\/2020\/04\/Schule-9-von-33-580x387.jpg 580w, https:\/\/grg21oe.at\/wp-content\/uploads\/2020\/04\/Schule-9-von-33-820x547.jpg 820w, https:\/\/grg21oe.at\/wp-content\/uploads\/2020\/04\/Schule-9-von-33.jpg 1024w\" sizes=\"(max-width: 300px) 100vw, 300px\" \/><\/a><\/figure><\/li>\n<li class=\"one_fourth\">\n<figure><a href=\"https:\/\/grg21oe.at\/wp-content\/uploads\/2020\/04\/Schule-10-von-33.jpg\" rel=\"ilightbox[69f3f2405b2d9]\"><img loading=\"lazy\" decoding=\"async\" width=\"300\" height=\"200\" src=\"https:\/\/grg21oe.at\/wp-content\/uploads\/2020\/04\/Schule-10-von-33-300x200.jpg\" class=\"attachment-medium size-medium\" alt=\"\" srcset=\"https:\/\/grg21oe.at\/wp-content\/uploads\/2020\/04\/Schule-10-von-33-300x200.jpg 300w, https:\/\/grg21oe.at\/wp-content\/uploads\/2020\/04\/Schule-10-von-33-768x512.jpg 768w, https:\/\/grg21oe.at\/wp-content\/uploads\/2020\/04\/Schule-10-von-33-580x387.jpg 580w, https:\/\/grg21oe.at\/wp-content\/uploads\/2020\/04\/Schule-10-von-33-820x547.jpg 820w, https:\/\/grg21oe.at\/wp-content\/uploads\/2020\/04\/Schule-10-von-33.jpg 1024w\" sizes=\"(max-width: 300px) 100vw, 300px\" \/><\/a><\/figure><\/li>\n<li class=\"one_fourth\">\n<figure><a href=\"https:\/\/grg21oe.at\/wp-content\/uploads\/2020\/04\/Schule-13-von-33.jpg\" rel=\"ilightbox[69f3f2405b2d9]\"><img loading=\"lazy\" decoding=\"async\" width=\"300\" height=\"200\" src=\"https:\/\/grg21oe.at\/wp-content\/uploads\/2020\/04\/Schule-13-von-33-300x200.jpg\" class=\"attachment-medium size-medium\" alt=\"\" srcset=\"https:\/\/grg21oe.at\/wp-content\/uploads\/2020\/04\/Schule-13-von-33-300x200.jpg 300w, https:\/\/grg21oe.at\/wp-content\/uploads\/2020\/04\/Schule-13-von-33-768x512.jpg 768w, https:\/\/grg21oe.at\/wp-content\/uploads\/2020\/04\/Schule-13-von-33-580x387.jpg 580w, https:\/\/grg21oe.at\/wp-content\/uploads\/2020\/04\/Schule-13-von-33-820x547.jpg 820w, https:\/\/grg21oe.at\/wp-content\/uploads\/2020\/04\/Schule-13-von-33.jpg 1024w\" sizes=\"(max-width: 300px) 100vw, 300px\" \/><\/a><\/figure><\/li>\n<li class=\"one_fourth\">\n<figure><a href=\"https:\/\/grg21oe.at\/wp-content\/uploads\/2020\/04\/Schule-15-von-33.jpg\" rel=\"ilightbox[69f3f2405b2d9]\"><img loading=\"lazy\" decoding=\"async\" width=\"300\" height=\"200\" src=\"https:\/\/grg21oe.at\/wp-content\/uploads\/2020\/04\/Schule-15-von-33-300x200.jpg\" class=\"attachment-medium size-medium\" alt=\"\" srcset=\"https:\/\/grg21oe.at\/wp-content\/uploads\/2020\/04\/Schule-15-von-33-300x200.jpg 300w, https:\/\/grg21oe.at\/wp-content\/uploads\/2020\/04\/Schule-15-von-33-768x512.jpg 768w, https:\/\/grg21oe.at\/wp-content\/uploads\/2020\/04\/Schule-15-von-33-580x387.jpg 580w, https:\/\/grg21oe.at\/wp-content\/uploads\/2020\/04\/Schule-15-von-33-820x547.jpg 820w, https:\/\/grg21oe.at\/wp-content\/uploads\/2020\/04\/Schule-15-von-33.jpg 1024w\" sizes=\"(max-width: 300px) 100vw, 300px\" \/><\/a><\/figure><\/li>\n<li class=\"one_fourth\">\n<figure><a href=\"https:\/\/grg21oe.at\/wp-content\/uploads\/2020\/04\/Schule-26-von-33.jpg\" rel=\"ilightbox[69f3f2405b2d9]\"><img loading=\"lazy\" decoding=\"async\" width=\"300\" height=\"200\" src=\"https:\/\/grg21oe.at\/wp-content\/uploads\/2020\/04\/Schule-26-von-33-300x200.jpg\" class=\"attachment-medium size-medium\" alt=\"\" srcset=\"https:\/\/grg21oe.at\/wp-content\/uploads\/2020\/04\/Schule-26-von-33-300x200.jpg 300w, https:\/\/grg21oe.at\/wp-content\/uploads\/2020\/04\/Schule-26-von-33-768x512.jpg 768w, https:\/\/grg21oe.at\/wp-content\/uploads\/2020\/04\/Schule-26-von-33-580x387.jpg 580w, https:\/\/grg21oe.at\/wp-content\/uploads\/2020\/04\/Schule-26-von-33-820x547.jpg 820w, https:\/\/grg21oe.at\/wp-content\/uploads\/2020\/04\/Schule-26-von-33.jpg 1024w\" sizes=\"(max-width: 300px) 100vw, 300px\" \/><\/a><\/figure><\/li>\n<li class=\"one_fourth\">\n<figure><a href=\"https:\/\/grg21oe.at\/wp-content\/uploads\/2020\/04\/Schule-30-von-33.jpg\" rel=\"ilightbox[69f3f2405b2d9]\"><img loading=\"lazy\" decoding=\"async\" width=\"300\" height=\"200\" src=\"https:\/\/grg21oe.at\/wp-content\/uploads\/2020\/04\/Schule-30-von-33-300x200.jpg\" class=\"attachment-medium size-medium\" alt=\"\" srcset=\"https:\/\/grg21oe.at\/wp-content\/uploads\/2020\/04\/Schule-30-von-33-300x200.jpg 300w, https:\/\/grg21oe.at\/wp-content\/uploads\/2020\/04\/Schule-30-von-33-768x512.jpg 768w, https:\/\/grg21oe.at\/wp-content\/uploads\/2020\/04\/Schule-30-von-33-580x387.jpg 580w, https:\/\/grg21oe.at\/wp-content\/uploads\/2020\/04\/Schule-30-von-33-820x547.jpg 820w, https:\/\/grg21oe.at\/wp-content\/uploads\/2020\/04\/Schule-30-von-33.jpg 1024w\" sizes=\"(max-width: 300px) 100vw, 300px\" \/><\/a><\/figure><\/li>\n<li class=\"one_fourth\">\n<figure><a href=\"https:\/\/grg21oe.at\/wp-content\/uploads\/2020\/08\/Schule-19-von-33.jpg\" rel=\"ilightbox[69f3f2405b2d9]\"><img loading=\"lazy\" decoding=\"async\" width=\"300\" height=\"200\" src=\"https:\/\/grg21oe.at\/wp-content\/uploads\/2020\/08\/Schule-19-von-33-300x200.jpg\" class=\"attachment-medium size-medium\" alt=\"Schulwiese\" srcset=\"https:\/\/grg21oe.at\/wp-content\/uploads\/2020\/08\/Schule-19-von-33-300x200.jpg 300w, https:\/\/grg21oe.at\/wp-content\/uploads\/2020\/08\/Schule-19-von-33-768x512.jpg 768w, https:\/\/grg21oe.at\/wp-content\/uploads\/2020\/08\/Schule-19-von-33-580x387.jpg 580w, https:\/\/grg21oe.at\/wp-content\/uploads\/2020\/08\/Schule-19-von-33-820x547.jpg 820w, https:\/\/grg21oe.at\/wp-content\/uploads\/2020\/08\/Schule-19-von-33.jpg 1024w\" sizes=\"(max-width: 300px) 100vw, 300px\" \/><\/a><\/figure><\/li>\n<\/ul>\n<\/div>\n<\/div>\n<\/div>\n<\/div>\n<\/div>\n<\/div>\n<\/div>\n\n","protected":false},"excerpt":{"rendered":"","protected":false},"author":4,"featured_media":0,"parent":0,"menu_order":0,"comment_status":"closed","ping_status":"closed","template":"","meta":{"footnotes":""},"class_list":["post-3765","page","type-page","status-publish","hentry"],"_links":{"self":[{"href":"https:\/\/grg21oe.at\/index.php?rest_route=\/wp\/v2\/pages\/3765","targetHints":{"allow":["GET"]}}],"collection":[{"href":"https:\/\/grg21oe.at\/index.php?rest_route=\/wp\/v2\/pages"}],"about":[{"href":"https:\/\/grg21oe.at\/index.php?rest_route=\/wp\/v2\/types\/page"}],"author":[{"embeddable":true,"href":"https:\/\/grg21oe.at\/index.php?rest_route=\/wp\/v2\/users\/4"}],"replies":[{"embeddable":true,"href":"https:\/\/grg21oe.at\/index.php?rest_route=%2Fwp%2Fv2%2Fcomments&post=3765"}],"version-history":[{"count":16,"href":"https:\/\/grg21oe.at\/index.php?rest_route=\/wp\/v2\/pages\/3765\/revisions"}],"predecessor-version":[{"id":11041,"href":"https:\/\/grg21oe.at\/index.php?rest_route=\/wp\/v2\/pages\/3765\/revisions\/11041"}],"wp:attachment":[{"href":"https:\/\/grg21oe.at\/index.php?rest_route=%2Fwp%2Fv2%2Fmedia&parent=3765"}],"curies":[{"name":"wp","href":"https:\/\/api.w.org\/{rel}","templated":true}]}}